{"id":306,"date":"2022-10-17T06:03:11","date_gmt":"2022-10-17T06:03:11","guid":{"rendered":"https:\/\/gmflexehandel.wpengine.com\/flexhandel-demo-2\/?page_id=306"},"modified":"2022-10-17T06:03:11","modified_gmt":"2022-10-17T06:03:11","slug":"vardagsrum","status":"publish","type":"page","link":"https:\/\/old.demo.gmflexpaket.se\/flexhandel-demo-2\/vardagsrum\/","title":{"rendered":"Vardagsrum"},"content":{"rendered":"<h3>Enhetlig f\u00e4rg<\/h3>\n<p>Ett tips f\u00f6r en trivsam k\u00e4nsla i vardagsrummet \u00e4r att kl\u00e4 in din bokhylla med lister fr\u00e5n golv till tak. M\u00e5la sedan allt i samma f\u00e4rg f\u00f6r att ge en enhetlig k\u00e4nsla. F\u00f6r den modiga s\u00e5 tipsar vi om att \u00e4ven m\u00e5la taket i samma f\u00e4rg.<\/p>\n<h3>Belysning<\/h3>\n<p>Kan man prata l\u00e4nge nog om vikten av belysning? Mysbelysning, punktbelysning, spotlights och estetiskt tilltalande lampor. Jobba med flera olika ljusk\u00e4llor f\u00f6r att ge rummet r\u00e4ttvisa<\/p>\n<h3>Bygg in din TV<\/h3>\n<p>L\u00e4nge har det varit popul\u00e4rt att inreda vardagsrum utan TV. Men handen p\u00e5 hj\u00e4rtat &#8211; \u00e4r det verkligen praktiskt? Vardagsrummet \u00e4r en plats att samlas p\u00e5 och umg\u00e5s och givetvis kan det ocks\u00e5 vara till morgonnyheterna eller fredagsunderh\u00e5llningen. Ett tips \u00e4r att kl\u00e4 in platsen vid TV:n f\u00f6r att d\u00f6lja sladdar och apparater.<\/p>\n<h3>Textilier<\/h3>\n<p>L\u00e4gg lite extra krut p\u00e5 att v\u00e4lja textilier. Gardiner, kuddar, pl\u00e4dar och mattor. V\u00e4lj temaf\u00e4rg och anv\u00e4nd sedan den f\u00e4rgskalan. Var inte r\u00e4dd f\u00f6r att blanda olika material och strukturer.<\/p>\n","protected":false},"excerpt":{"rendered":"<p>Enhetlig f\u00e4rg Ett tips f\u00f6r en trivsam k\u00e4nsla i vardagsrummet \u00e4r att kl\u00e4 in din bokhylla med lister fr\u00e5n golv till tak. M\u00e5la sedan allt i samma f\u00e4rg f\u00f6r att ge en enhetlig k\u00e4nsla. F\u00f6r den modiga s\u00e5 tipsar vi om att \u00e4ven m\u00e5la taket i samma f\u00e4rg. Belysning Kan man prata l\u00e4nge nog om [&hellip;]<\/p>\n","protected":false},"author":1,"featured_media":267,"parent":0,"menu_order":0,"comment_status":"closed","ping_status":"closed","template":"","meta":{"_acf_changed":false,"footnotes":""},"class_list":["post-306","page","type-page","status-publish","has-post-thumbnail","hentry"],"acf":[],"_links":{"self":[{"href":"https:\/\/old.demo.gmflexpaket.se\/flexhandel-demo-2\/wp-json\/wp\/v2\/pages\/306","targetHints":{"allow":["GET"]}}],"collection":[{"href":"https:\/\/old.demo.gmflexpaket.se\/flexhandel-demo-2\/wp-json\/wp\/v2\/pages"}],"about":[{"href":"https:\/\/old.demo.gmflexpaket.se\/flexhandel-demo-2\/wp-json\/wp\/v2\/types\/page"}],"author":[{"embeddable":true,"href":"https:\/\/old.demo.gmflexpaket.se\/flexhandel-demo-2\/wp-json\/wp\/v2\/users\/1"}],"replies":[{"embeddable":true,"href":"https:\/\/old.demo.gmflexpaket.se\/flexhandel-demo-2\/wp-json\/wp\/v2\/comments?post=306"}],"version-history":[{"count":0,"href":"https:\/\/old.demo.gmflexpaket.se\/flexhandel-demo-2\/wp-json\/wp\/v2\/pages\/306\/revisions"}],"wp:featuredmedia":[{"embeddable":true,"href":"https:\/\/old.demo.gmflexpaket.se\/flexhandel-demo-2\/wp-json\/wp\/v2\/media\/267"}],"wp:attachment":[{"href":"https:\/\/old.demo.gmflexpaket.se\/flexhandel-demo-2\/wp-json\/wp\/v2\/media?parent=306"}],"curies":[{"name":"wp","href":"https:\/\/api.w.org\/{rel}","templated":true}]}}