{"id":324,"date":"2022-07-29T11:28:22","date_gmt":"2022-07-29T09:28:22","guid":{"rendered":"https:\/\/gmflexpaket.se\/flexhandel-demo-2\/produkt\/cap\/"},"modified":"2022-10-17T11:09:38","modified_gmt":"2022-10-17T09:09:38","slug":"cap","status":"publish","type":"product","link":"https:\/\/old.demo.gmflexpaket.se\/flexhandel-demo-2\/produkt\/cap\/","title":{"rendered":"Trall 28&#215;120 mm"},"content":{"rendered":"","protected":false},"excerpt":{"rendered":"<p>Trall 28&#215;120 \u00e4r Sveriges mest k\u00f6pta trall och perfekt f\u00f6r att bygga altangolv med. Trallen \u00e4r av god kvalitet med en mix av virke i sorteringen G4-2 och G4-3. Virke av gran och furu sorteras ofta in i kvaliteter mellan G4-0 &#8211; G4-3, d\u00e4r G4-2 och G4-3 i huvudsak anv\u00e4nds som byggvirke.<\/p>\n","protected":false},"featured_media":325,"comment_status":"open","ping_status":"open","template":"","meta":{"_acf_changed":false},"product_brand":[],"product_cat":[27],"product_tag":[],"class_list":{"0":"post-324","1":"product","2":"type-product","3":"status-publish","4":"has-post-thumbnail","6":"product_cat-verktyg-bygg","7":"pa_color-yellow","9":"first","10":"instock","11":"sale","12":"featured","13":"shipping-taxable","14":"purchasable","15":"product-type-simple"},"acf":[],"_links":{"self":[{"href":"https:\/\/old.demo.gmflexpaket.se\/flexhandel-demo-2\/wp-json\/wp\/v2\/product\/324","targetHints":{"allow":["GET"]}}],"collection":[{"href":"https:\/\/old.demo.gmflexpaket.se\/flexhandel-demo-2\/wp-json\/wp\/v2\/product"}],"about":[{"href":"https:\/\/old.demo.gmflexpaket.se\/flexhandel-demo-2\/wp-json\/wp\/v2\/types\/product"}],"replies":[{"embeddable":true,"href":"https:\/\/old.demo.gmflexpaket.se\/flexhandel-demo-2\/wp-json\/wp\/v2\/comments?post=324"}],"wp:featuredmedia":[{"embeddable":true,"href":"https:\/\/old.demo.gmflexpaket.se\/flexhandel-demo-2\/wp-json\/wp\/v2\/media\/325"}],"wp:attachment":[{"href":"https:\/\/old.demo.gmflexpaket.se\/flexhandel-demo-2\/wp-json\/wp\/v2\/media?parent=324"}],"wp:term":[{"taxonomy":"product_brand","embeddable":true,"href":"https:\/\/old.demo.gmflexpaket.se\/flexhandel-demo-2\/wp-json\/wp\/v2\/product_brand?post=324"},{"taxonomy":"product_cat","embeddable":true,"href":"https:\/\/old.demo.gmflexpaket.se\/flexhandel-demo-2\/wp-json\/wp\/v2\/product_cat?post=324"},{"taxonomy":"product_tag","embeddable":true,"href":"https:\/\/old.demo.gmflexpaket.se\/flexhandel-demo-2\/wp-json\/wp\/v2\/product_tag?post=324"}],"curies":[{"name":"wp","href":"https:\/\/api.w.org\/{rel}","templated":true}]}}